git of 46?
6
What is the hundreds digit of 926?
9
What is the thousands digit of 6961?
6
What is the tens digit of 2905?
0
What is the tens digit of 80?
8
What is the hundreds digit of 2203?
2
What is the hundreds digit of 88864?
8
What is the tens digit of 67?
6
What is the ten thousands digit of 25839?
2
What is the units digit of 56230?
0
What is the tens digit of 19414?
1
What is the units digit of 1372?
2
What is the hundreds digit of 1940?
9
What is the tens digit of 1210?
1
What is the thousands digit of 23409?
3
What is the units digit of 707?
7
What is the thousands digit of 3811?
3
What is the tens digit of 5020?
2
What is the tens digit of 44107?
0
What is the hundreds digit of 27306?
3
What is the hundreds digit of 108326?
3
What is the tens digit of 116?
1
What is the units digit of 87929?
9
What is the hundreds digit of 1973?
9
What is the tens digit of 567?
6
What is the tens digit of 905?
0
What is the units digit of 10036?
6
What is the hundreds digit of 795?
7
What is the hundreds digit of 48851?
8
What is the units digit of 45748?
8
What is the hundreds digit of 1431?
4
What is the hundreds digit of 119122?
1
What is the tens digit of 313?
1
What is the units digit of 18172?
2
What is the tens digit of 8277?
7
What is the hundreds digit of 1167?
1
What is the tens digit of 54?
5
What is the tens digit of 37?
3
What is the thousands digit of 106457?
6
What is the tens digit of 4813?
1
What is the units digit of 4744?
4
What is the thousands digit of 1376?
1
What is the units digit of 1240?
0
What is the units digit of 43799?
9
What is the hundreds digit of 31676?
6
What is the hundreds digit of 38972?
9
What is the units digit of 16496?
6
What is the hundreds digit of 7457?
4
What is the tens digit of 1120?
2
What is the hundreds digit of 690?
6
What is the hundreds digit of 7880?
8
What is the units digit of 1054?
4
What is the hundreds digit of 364?
3
What is the hundred thousands digit of 119320?
1
What is the units digit of 325?
5
What is the ten thousands digit of 51413?
5
What is the units digit of 5999?
9
What is the hundreds digit of 5338?
3
What is the units digit of 17126?
6
What is the tens digit of 2724?
2
What is the units digit of 288?
8
What is the tens digit of 1267?
6
What is the hundreds digit of 3501?
5
What is the hundreds digit of 2959?
9
What is the thousands digit of 4277?
4
What is the ten thousands digit of 53549?
5
What is the units digit of 2130?
0
What is the tens digit of 1107?
0
What is the units digit of 125?
5
What is the tens digit of 2686?
8
What is the hundreds digit of 964?
9
What is the tens digit of 2756?
5
What is the hundreds digit of 1974?
9
What is the units digit of 1497?
7
What is the ten thousands digit of 15343?
1
What is the thousands digit of 2743?
2
What is the thousands digit of 203786?
3
What is the units digit of 3018?
8
What is the thousands digit of 3019?
3
What is the ten thousands digit of 12639?
1
What is the thousands digit of 5439?
5
What is the ten thousands digit of 15964?
1
What is the ten thousands digit of 25203?
2
What is the units digit of 979?
9
What is the hundreds digit of 861?
8
What is the tens digit of 40579?
7
What is the hundreds digit of 34320?
3
What is the units digit of 113193?
3
What is the hundreds digit of 234?
2
What is the hundreds digit of 739?
7
What is the ten thousands digit of 147918?
4
What is the thousands digit of 62567?
2
What is the ten thousands digit of 76637?
7
What is the ten thousands digit of 59877?
5
What is the tens digit of 1191?
9
What is the units digit of 8697?
7
What is the hundreds digit of 3618?
6
What is the thousands digit of 2848?
2
What is the units digit of 667?
7
What is the hundreds digit of 248?
2
What is the tens digit of 5008?
0
What is the units digit of 94009?
9
What is the hundreds digit of 727?
7
What is the units digit of 973?
3
What is the units digit of 1996?
6
What is the hundreds digit of 2608?
6
What is the tens digit of 568?
6
What is the tens digit of 4733?
3
What is the tens digit of 10649?
4
What is the hundreds digit of 830?
8
What is the thousands digit of 53550?
3
What is the units digit of 1252?
2
What is the units digit of 2144?
4
What is the tens digit of 7009?
0
What is the tens digit of 2253?
5
What is the hundreds digit of 20704?
7
What is the tens digit of 1006?
0
What is the ten thousands digit of 14425?
1
What is the hundreds digit of 31902?
9
What is the hundreds digit of 2477?
4
What is the hundreds digit of 2444?
4
What is the units digit of 2312?
2
What is the hundreds digit of 156?
1
What is the thousands digit of 148059?
8
What is the hundreds digit of 7184?
1
What is the thousands digit of 3145?
3
What is the units digit of 2906?
6
What is the hundreds digit of 20774?
7
What is the tens digit of 492?
9
What is the thousands digit of 2517?
2
What is the tens digit of 17066?
6
What is the thousands digit of 100431?
0
What is the tens digit of 6792?
9
What is the units digit of 1706?
6
What is the tens digit of 5350?
5
What is the tens digit of 4370?
7
What is the hundreds digit of 138?
1
What is the hundreds digit of 105326?
3
What is the tens digit of 321?
2
What is the tens digit of 730?
3
What is the units digit of 1670?
0
What is the units digit of 9594?
4
What is the hundreds digit of 2566?
5
What is the hundreds digit of 7830?
8
What is the thousands digit of 50309?
0
What is the hundreds digit of 1481?
4
What is the hundreds digit of 1530?
5
What is the units digit of 50403?
3
What is the thousands digit of 5195?
5
What is the hundreds digit of 4271?
2
What is the tens digit of 5004?
0
What is the units digit of 1752?
2
What is the units digit of 1030?
0
What is the hundreds digit of 199?
1
What is the thousands digit of 1391?
1
What is the units digit of 18629?
9
What is the tens digit of 2044?
4
What is the units digit of 1626?
6
What is the hundreds digit of 11845?
8
What is the tens digit of 92839?
3
What is the ten thousands digit of 101798?
0
What is the hundreds digit of 341?
3
What is the tens digit of 3146?
4
What is the tens digit of 152?
5
What is the hundreds digit of 921?
9
What is the ten thousands digit of 20044?
2
What is the thousands digit of 2875?
2
What is the hundreds digit of 666?
6
What is the ten thousands digit of 93146?
9
What is the thousands digit of 5522?
5
What is the hundreds digit of 58720?
7
What is the tens digit of 12379?
7
What is the thousands digit of 4399?
4
What is the hundreds digit of 1456?
4
What is the units digit of 456?
6
What is the hundreds digit of 4872?
8
What is the thousands digit of 9471?
9
What is the units digit of 10984?
4
What is the hundreds digit of 9813?
8
What is the hundreds digit of 7569?
5
What is the thousands digit of 8406?
8
What is the hundreds digit of 4316?
3
What is the units digit of 1007?
7
What is the tens digit of 903?
0
What is the ten thousands digit of 47101?
4
What is the tens digit of 208?
0
What is the hundreds digit of 27309?
3
What is the units digit of 734?
4
What is the thousands digit of 1359?
1
What is the thousands digit of 22788?
2
What is the units digit of 14142?
2
What is the tens digit of 961?
6
What is the units digit of 43181?
1
What is the units digit of 344?
4
What is the hundreds digit of 26078?
0
What is the units digit of 77068?
8
What is the tens digit of 18834?
3
What is the ten thousands digit of 16528?
1
What is the thousands digit of 5922?
5
What is the hundreds digit of 1358?
3
What is the hundreds digit of 1547?
5
What is the hundreds digit of 9500?
5
What is the tens digit of 5049?
4
What is the units digit of 2670?
0
What is the thousands digit of 1405?
1
What is the units digit of 6313?
3
What is the hundreds digit of 59522?
5
What is the thousands digit of 4143?
4
What is the thousands digit of 4039?
4
What is the ten thousands digit of 11731?
1
What is the units digit of 236?
6
What is the units digit of 4858?
8
What is the hundreds digit of 5970?
9
What is the thousands digit of 79912?
9
What is the tens digit of 4322?
2
What is the ten thousands digit of 24220?
2
What is the hundreds digit of 73458?
4
What is the hundreds digit of 2165?
1
What is the thousands digit of 2548?
2
What is the units digit of 45479?
9
What is the tens digit of 6980?
8
What is th